{"id":1536,"date":"2025-06-08T12:59:20","date_gmt":"2025-06-08T10:59:20","guid":{"rendered":"https:\/\/delicatus.be\/product\/hold-my-hand\/"},"modified":"2025-10-19T00:23:51","modified_gmt":"2025-10-18T22:23:51","slug":"hold-my-hand","status":"publish","type":"product","link":"https:\/\/delicatusboutique.com\/fr\/produit\/hold-my-hand\/","title":{"rendered":"Hold My Hand"},"content":{"rendered":"<p>Couleur : Lavande Clair<\/p>\n<p><em>Les couleurs affich\u00e9es sur le site peuvent varier l\u00e9g\u00e8rement en fonction de la r\u00e9solution de votre \u00e9cran, de votre carnation et de la luminosit\u00e9.<\/em><em> <\/em><\/p>\n<p><span style=\"text-decoration: underline;\"><strong>PR\u00c9CAUTIONS D&rsquo;EMPLOI<br \/>\n<\/strong><\/span>\u00c9viter tout contact avec la peau et les yeux. Ne pas ing\u00e9rer. Tenir hors de port\u00e9e des enfants. L&rsquo;exposition aux gels et vernis \u00e0 base d&rsquo;acrylate peut provoquer des r\u00e9actions cutan\u00e9es chez certaines personnes. Cesser l&rsquo;utilisation en cas de sensibilit\u00e9 ou d&rsquo;irritation. Consulter imm\u00e9diatement un m\u00e9decin en cas de r\u00e9action.     <\/p>\n","protected":false},"excerpt":{"rendered":"<p>Couleur : Lavande Clair Les couleurs affich\u00e9es sur le site peuvent varier l\u00e9g\u00e8rement en fonction de la r\u00e9solution de votre \u00e9cran, de votre carnation et de la luminosit\u00e9. PR\u00c9CAUTIONS D&rsquo;EMPLOI \u00c9viter tout contact avec la peau et les yeux. Ne pas ing\u00e9rer. Tenir hors de port\u00e9e des enfants. L&rsquo;exposition aux gels et vernis \u00e0 base [&hellip;]<\/p>\n","protected":false},"featured_media":1539,"comment_status":"open","ping_status":"closed","template":"","meta":{"_acf_changed":false},"product_brand":[23],"product_cat":[113,89,90],"product_tag":[92,114,94],"class_list":{"0":"post-1536","1":"product","2":"type-product","3":"status-publish","4":"has-post-thumbnail","6":"product_brand-tuesday-in-love","7":"product_cat-pastel","8":"product_cat-vernis-gel-uv-led","9":"product_cat-violets","10":"product_tag-gel-uv","11":"product_tag-pastel","12":"product_tag-violets","13":"product_shipping_class-standard","15":"first","16":"instock","17":"shipping-taxable","18":"purchasable","19":"product-type-simple"},"acf":[],"_links":{"self":[{"href":"https:\/\/delicatusboutique.com\/fr\/wp-json\/wp\/v2\/product\/1536","targetHints":{"allow":["GET"]}}],"collection":[{"href":"https:\/\/delicatusboutique.com\/fr\/wp-json\/wp\/v2\/product"}],"about":[{"href":"https:\/\/delicatusboutique.com\/fr\/wp-json\/wp\/v2\/types\/product"}],"replies":[{"embeddable":true,"href":"https:\/\/delicatusboutique.com\/fr\/wp-json\/wp\/v2\/comments?post=1536"}],"wp:featuredmedia":[{"embeddable":true,"href":"https:\/\/delicatusboutique.com\/fr\/wp-json\/wp\/v2\/media\/1539"}],"wp:attachment":[{"href":"https:\/\/delicatusboutique.com\/fr\/wp-json\/wp\/v2\/media?parent=1536"}],"wp:term":[{"taxonomy":"product_brand","embeddable":true,"href":"https:\/\/delicatusboutique.com\/fr\/wp-json\/wp\/v2\/product_brand?post=1536"},{"taxonomy":"product_cat","embeddable":true,"href":"https:\/\/delicatusboutique.com\/fr\/wp-json\/wp\/v2\/product_cat?post=1536"},{"taxonomy":"product_tag","embeddable":true,"href":"https:\/\/delicatusboutique.com\/fr\/wp-json\/wp\/v2\/product_tag?post=1536"}],"curies":[{"name":"wp","href":"https:\/\/api.w.org\/{rel}","templated":true}]}}

<p>Couleur : Lavande Clair</p>
<p><em>Les couleurs affichées sur le site peuvent varier légèrement en fonction de la résolution de votre écran, de votre carnation et de la luminosité.</em><em> </em></p>
<p><span style="text-decoration: underline;"><strong>PRÉCAUTIONS D&rsquo;EMPLOI<br />
</strong></span>Éviter tout contact avec la peau et les yeux. Ne pas ingérer. Tenir hors de portée des enfants. L&rsquo;exposition aux gels et vernis à base d&rsquo;acrylate peut provoquer des réactions cutanées chez certaines personnes. Cesser l&rsquo;utilisation en cas de sensibilité ou d&rsquo;irritation. Consulter immédiatement un médecin en cas de réaction.     </p>

<p>Couleur : Lavande Clair Les couleurs affichées sur le site peuvent varier légèrement en fonction de la résolution de votre écran, de votre carnation et de la luminosité. PRÉCAUTIONS D&rsquo;EMPLOI Éviter tout contact avec la peau et les yeux. Ne pas ingérer. Tenir hors de portée des enfants. L&rsquo;exposition aux gels et vernis à base [&hellip;]</p>
